 -5*c. Let f = c - 28. What is z(f)?
8
Suppose -3*j + 5*h = -13 - 8, 5*h = -4*j - 7. Let a(k) = k + 2*k + 3 - 7*k - j. Let i(s) = s - 3. Let f be i(4). What is a(f)?
-3
Let i(o) = -28*o**3 + o + 1. Let n(a) = -5*a**2 - 2*a + 2. Let q be n(-1). Give i(q).
28
Let x(m) = m**3 + 2*m**2 - 1. Let a(k) = 7*k**3 + 21*k**2 + 10*k + 10. Let i(z) = a(z) - 6*x(z). Determine i(-8).
0
Suppose -92 + 362 = -30*o. Let y(i) = i**2 + 11*i + 17. What is y(o)?
-1
Let v(l) = 4*l**3 - l**2 + l. Let j(w) = 15*w**3 - 11*w**2 + 7*w - 7. Let n(h) = -j(h) + 4*v(h). Calculate n(-7).
28
Suppose -3 = -3*i - 0*i + 3*g, -3*i = g + 17. Let n(x) = -x**3 - 5*x**2 - x + 7. Give n(i).
-5
Let w = -4 - -6. Let s(r) = -3 + 8*r + 2 - 9*r + 3. What is s(w)?
0
Let i be (-2)/5 + 119/85. Let b(g) = 10*g**3 - 2*g**2 + 1. Calculate b(i).
9
Let m(r) be the first derivative of r**4/4 - r**2/2 + 4*r - 205. Let k be 2/2 + (-3 - -2). Calculate m(k).
4
Suppose 0 = -2*q - x + 2 + 2, 5*q + 3*x - 12 = 0. Suppose 4*m + l = -q*l - 19, 0 = 3*m + l + 13. Let b(h) = h**3 + 5*h**2 - 9*h - 5. Give b(m).
13
Let j(g) = -23*g + 15. Let z(c) = -4*c + 3. Let i(k) = 4*j(k) - 22*z(k). Calculate i(-6).
18
Let y(w) = 2*w**2 + 8*w + 9. Let q(f) = f**2 + 1. Let m(n) = -3*q(n) + y(n). Suppose -4*t = 2*u - 24, -2*t - 3*u + 47 = 39. Give m(t).
13
Let b(g) = -2*g**2 - 5*g + 1. Let o be b(-2). Let x(z) = 8*z + 4. Determine x(o).
28
Let y(n) = n**3 - 26*n**2 + 26*n - 23. Let g be y(25). Let j be (g/((-2)/5))/(-1*1). Let m(o) = o - 6. Calculate m(j).
-1
Let f(w) = -w**3 + 3*w**2 + 4*w + 4. Let a(r) = r**2 - 3*r - 7. Let g be a(5). Let h be (-8)/6 + 16/g. What is f(h)?
4
Let r(d) = -4*d - 1. Let u be (12/(-15))/((-48)/(-120)). Determine r(u).
7
Let b(s) be the second derivative of s**4/12 + 2*s**3/3 - s**2/2 - 64*s. Give b(-5).
4
Let o(r) be the third derivative of -r**4/24 - 11*r**3/6 + r**2. Suppose -2*j = -4 - 38. Let q = -26 + j. What is o(q)?
-6
Suppose 2*x - 1 = 2*z + 3, 2 = x + 5*z. Suppose -x*a + 6*a = -44. Let k(f) = 6*f + 34. Let p(i) = i + 7. Let s(q) = a*p(q) + 2*k(q). What is s(5)?
-4
Suppose -17*n + 14 = -10*n. Let y(u) = -4 - n*u + 2 + 4 + 3*u - u**3. Let h(t) = t + 4. Let j be h(-4). What is y(j)?
2
Let o(r) = -6*r**2 - 2*r. Let h(n) be the third derivative of n**5/60 - n**4/24 - n**3/6 - 18*n**2. Let z(l) = -5*h(l) - o(l). What is z(-7)?
5
Let j(s) = -3*s + 9. Let v(w) = -2*w - 1. Let d be v(-2). Let f(i) = -8 + 1 + 5 - i**d + 3*i**2 + 6*i. Let m be f(4). Calculate j(m).
-9
Suppose -14 = -r - 6*r. Let g(u) = 4*u + 5*u + 3*u + 7*u**r - 4 + u**3 - 11*u. Calculate g(-7).
-11
Let h be (2 - 5)/((-3)/2). Let y(d) = -11*d - 141. Let m be y(-13). Let k(u) = 1 + 3*u**2 - 2*u - 3*u - h*u**m + 7*u - u**3. What is k(-2)?
9
Let d(k) = -389 - k - 383 + 778. What is d(10)?
-4
Let j(s) = 61 - s - 30 - 30. Give j(-6).
7
Let z = 1139 - 1124. Let r(l) = l**2 - 17*l + 21. Give r(z).
-9
Let i be 50/8 + -1 - (-26)/(-104). Let v(k) be the second derivative of -1/2*k**2 + 5/6*k**3 + 0 - i*k. Give v(1).
4
Let u(l) = 6*l**2 - 12*l + 7. Let o(w) = -15*w + 7 + w - 5*w + 7*w**2 + 6*w. Let q(n) = -5*o(n) + 6*u(n). Calculate q(6).
1
Suppose -1 + 9 = 4*a. Let z be (a/(-6))/((-4)/24). Let n(q) = 2*q**3 + 4*q - 2*q**z - 3*q**3 - 14 + 13. What is n(-3)?
-4
Let m(o) = o**2 + 7*o - 2. Suppose 0 = -3*f - 183 + 165. What is m(f)?
-8
Suppose -2*f - 3*r + 6*r + 21 = 0, -f + 4*r = -23. Let j(u) = -2*u**2 + 2 - 5*u**2 + 2*u**3 + 3*u**2 - u**f. What is j(4)?
2
Let t(k) = -k**3 + 11*k**2 + 11*k + 8. Suppose -6 = -3*v, 0*v - 46 = -4*l + v. Let w be t(l). Let o(s) = -s**3 - 4*s**2 + 2*s + 3. Give o(w).
-5
Let p = 619 - 611. Let f(i) = -i**2 + 11*i - 10. Calculate f(p).
14
Let z be -2*(-5 + 4)*6/(-4). Let a(s) = s**3 + 4*s**2 + 4*s - 4. What is a(z)?
-7
Let p(i) = 3 + 80*i - 39*i - 1 - 37*i. Determine p(-4).
-14
Let n(y) = -3*y**2 - 4*y + 2. Let z(i) = 17*i**2 + 21*i - 9. Let f(s) = 11*n(s) + 2*z(s). Calculate f(-5).
39
Let z(h) = h**2 + 7*h - 2. Let u = 107 + -101. Suppose -5*p - 10 - u = -r, 5*r - 3*p + 8 = 0. Calculate z(r).
-14
Let o(n) be the second derivative of n**3/3 - 215*n. Let h be (-5 - -4)/(0 - 1). Give o(h).
2
Let b(y) = -3*y**3 + y**2. Suppose -53 = -2*h - i, 5*h - 97 = 2*h - 5*i. Suppose -8 + h = 8*a. Determine b(a).
-20
Let s(d) = d**3 - 19*d**2 - 18*d - 18. Let i be s(20). Let a(m) = 20 + 2*m**2 - i - 6*m - m**2. Give a(6).
-2
Let q(w) = w - 10. Let c be q(10). Suppose c = 3*p, -2*r - 5*p + 20 + 2 = 0. Let u = r + -17. Let k(f) = 2*f + 4. Give k(u).
-8
Let n(b) = b - 4. Let x be n(2). Let t(m) = -4*m - m + 1413 - 3*m**2 + m - 1416. What is t(x)?
-7
Let w(r) = -6*r + 21. Let n(u) = -6*u + 23. Let a(l) = -4*n(l) + 5*w(l). Calculate a(11).
-53
Let f(n) = -2 - 4 - 4*n + 0 - 8 + n**2. Let t be f(6). Let u(q) = 4*q - 3*q + 0*q**3 + 1 + q**3. Give u(t).
-9
Let y(x) = x**3 + 8*x**2 + 8*x + 4. Let p be y(-7). Let o(i) be the third derivative of -i**4/24 - i**3/6 + 14*i**2. Determine o(p).
2
Let i = -94 - -90. Let h(u) = 5 - 4*u**2 + 0*u**2 - u**3 - u**2 - 3*u. Calculate h(i).
1
Let v(i) = 2*i - 2 - 2*i + 7*i + 2*i**2 - 14 - i**2. Give v(-8).
-8
Let i(z) = -4*z**2 + 3*z**3 - 6 - 2*z**3 - 5*z + 3*z - 2*z**3. Let p be i(-4). Let t(h) = -h**3 + 7*h - 8*h + p*h. What is t(1)?
0
Let w(k) = -45*k + 2*k**2 - 34*k - 39*k + k**3 + 3 + 116*k - 4*k**2. Determine w(2).
-1
Let n(q) = 10*q + 2. Let x be ((-6)/(-5))/((-3)/15). Let t(c) = -9*c - 2. Let u(p) = x*t(p) - 5*n(p). Calculate u(-3).
-10
Suppose 62 = 2*z - 5*h, -4*z = 2*h + 61 - 233. Suppose 0 = 3*x - 23 + z. Let t(d) = 3 + 7 + 3*d - 2. Give t(x).
-10
Let a(o) = -o**2 + 18*o. Let p = 249 - 240. What is a(p)?
81
Suppose -w - 15 = -6*w - 5*h, w - 1 = h. Suppose -3*y + w*y = -4. Suppose y*x - 4*l = -4, -2*x + 5*l - 2 = 2*x. Let s(b) = -b**2 - b - 2. Calculate s(x).
-8
Let h = 11 + -11. Suppose r - 7 = -h. Let z(d) = -d**2 + 7*d - 1. What is z(r)?
-1
Suppose 3*w = 5*i + 47, 2*w - 23 = -6*i + i. Let n(k) = -13 - 8*k + w - 12 + k**2. Determine n(10).
9
Let j(d) be the third derivative of -d**5/60 + 5*d**4/24 - 2*d**3/3 - 5*d**2 - 5*d. Give j(5).
-4
Let m(y) = y**2 - 39*y - 37. Let w be m(40). Let q(n) = n**2 - n + 3. Calculate q(w).
9
Let k be ((-96)/(-720))/((-2)/(-30)). Let x(s) = s**2 - 5*s + 4. Give x(k).
-2
Let a(p) = 2*p - 2. Suppose 2*c + 15 = -0*c - 5*x, -x - 20 = -3*c. Suppose -c*w = 10, -2*j - 3*w - 6 = -5*w. Calculate a(j).
-12
Suppose -9*y = -5*y - 16. Let g = y - 7. Let w be g/(-12)*12/(-3). Let a(z) = 2*z. Determine a(w).
-2
Let c(s) = -3*s**3 - 2*s**2 + 3*s - 4. Let u be (24/(-16))/(6/8). Let o(z) = -10*z**3 - 6*z**2 + 10*z - 13. Let d(x) = u*o(x) + 7*c(x). Give d(-3).
4
Let k = 32 + -30. Let p(b) = b**k + 3 - 13 - 2 - b. Calculate p(0).
-12
Suppose -4*t + 5*t = -1. Let d(b) be the second derivative of -5*b**3/6 + 246*b. Determine d(t).
5
Suppose -3*q = -10*q - 7. Let k be q/((-4)/(-12)*3). Let b(n) = n + 1 + 4 - 4. Calculate b(k).
0
Let z(l) = -82*l**3 + 3*l + 2 + 14*l**3 + l**2 + 69*l**3. Determine z(-3).
-25
Let b(c) = 3*c**2 - 2. Let f(p) be the second derivative of p**4/12 + 6*p. Let d(t) = b(t) - 2*f(t). What is d(2)?
2
Let n(c) = -c**3 + 6*c**2 + 7*c + 2. Let h be (13 - 9) + (-3)/(-1). Let w be n(h). Let l(u) = 5*u**2 + 1 - 4*u - u**2 - 2*u**w + 2. Determine l(2).
3
Let w(c) = c**3 + 7*c**2 + 3*c - 10. Let y = 159 + -165. What is w(y)?
8
Suppose j = -j + 6. Let t(c) = c + 2. Let v(d) = -10*d - 3. Let y(a) = -3*a - 1. Let u(n) = 2*v(n) - 7*y(n). Let p(x) = j*u(x) - 2*t(x). Determine p(-5).
-6
Let x(k) = 136 + 121 + k - 271. What is x(0)?
-14
Let z(i) = i**3 - 7*i**2 + 4*i + 7. Suppose 2*x - 41 - 179 = 5*a, -3*x = -3*a - 312. Let m be x/(-24) - -4 - 111/(-18). Give z(m).
-5
Suppose -4*j - 1 - 3 = 0, -2*j - 8 = 2*a. Let d(p) = -p**3 + p**2 - p - 1. Let k(s) = -s**3 - s**2 + s + 1. Let v(m) = -d(m) + 2*k(m). Determine v(a).
-6
Let p(h) be the first derivative of 1/12*h**4 + 1/360*h**6 + 0*h + 0*h**2 + 8 + 4*h**3 - 1/40*h**5. Let d(g) be the third derivative of p(g). What is d(2)?
0
Let g(d) = -15*d + 5. Let r(c) = -24*c + 12. Let s(w) = 5*g(w) - 3*r(w). Determine s(0).
-11
Suppose -a + 5 = -3*o, -2 + 6 = 2*a. Let i = o + -2. Let u(l) = l + 5. What is u(i)?
2
Suppose -8*m + 4*m = 4. Let q(p) = p**2 + p + 1. Give q(m).
1
Let f = -12 + 19. Let a = -3 + f. Let j(s) = -a + 3 + 0*s**2 - s**2. 